 + 5*i + 18 = 0. Let h(v) be the first derivative of -v**3/3 + 7*v**2/2 - 5*v + 1. Determine h(i).
1
Let q(f) = -2*f + 6. Let i(r) = -2*r + 5. Let g be i(6). Let w be (-13)/g + 6 + (-1)/(-7). Give q(w).
-10
Let y = -51 + 78. Suppose -4*v + 3*l = -0*v - 16, -5*l = -7*v + y. Let d(s) = -5*s**3 + s**2. Determine d(v).
-4
Let x(a) be the second derivative of a**3/6 - 3*a**2/2 + a. Suppose -101 - 27 = -2*h. Suppose -h*c - 49 = -71*c. Determine x(c).
4
Let j(c) be the first derivative of -c**4/4 + 16*c**3/3 + 15*c**2/2 + 35*c + 1653. Calculate j(17).
1
Let u(k) = -2*k**2 + 24 - 30 + 12 - 18 + 29*k. Determine u(14).
2
Let z be 8/(-12) + (-20)/6. Suppose 0 = s + 3*y - 13, 2*s + 11*y - 10 = 9*y. Let o(h) = -s + 5*h - 12*h - 13*h + 19*h. Give o(z).
3
Let t(m) = 3*m - 2. Let d(o) = -18*o + 8. Let v(j) = 2*d(j) + 9*t(j). Give v(-4).
34
Let f(c) = 10*c - 1. Let n(s) = -3*s**2 - 21*s + 1. Let j = 107 - 114. Let v be n(j). Determine f(v).
9
Let b(h) be the third derivative of 5*h**4/12 - 21*h**3/2 + 57*h**2 - 2. Give b(6).
-3
Let j(n) be the third derivative of n**6/120 - 2*n**5/15 - 31*n**4/24 - 4*n**3/3 + 3*n**2 + 648*n - 1. Calculate j(11).
14
Let d(t) be the third derivative of -t**5/60 - t**4/8 - 13*t**3/6 - 102*t**2 - 3. What is d(-4)?
-17
Suppose -2*v + 3*v + 28 = -2*h, 0 = 2*h - 8. Let s = 40 + v. Suppose -s = -j - 9. Let u(b) = -b**2 - 3*b + 4. Determine u(j).
-6
Let j(c) = -52*c + 8. Let w be (1/3)/(1/6). What is j(w)?
-96
Let u be 1 - ((-24)/(-3) - 4) - -4. Let z(l) = -7 + 18 - 5 - 3*l**2 - 2*l - 7 + 4*l. Calculate z(u).
-2
Let a be ((308/21)/(-2))/((-51)/(-9) + -5). Let h(d) = -7*d - 17. Give h(a).
60
Let r(d) = 13*d**3 - 19*d**2 + 13*d + 28. Let g(j) = -7*j**3 + 10*j**2 - 7*j - 15. Let y(b) = -11*g(b) - 6*r(b). Give y(6).
-81
Let j(q) be the first derivative of q**3 - 2*q**2 + 9*q - 2263. What is j(4)?
41
Suppose -2*d - 3*j = 35, 8*j - 18*j - 201 = -d. Let g(n) be the third derivative of n**4/24 - n**3/2 + n**2. Determine g(d).
8
Let l(a) be the third derivative of 18*a**2 + 0 + 1/120*a**6 + 1/8*a**4 + 5/6*a**3 + 0*a - 1/10*a**5. Give l(5).
-5
Let d(c) = 9*c**3 + c**2 + 3*c + 2. Suppose 0 = 5*r + 5*l + 18 + 12, -2*l - 8 = 0. What is d(r)?
-72
Let u(t) be the third derivative of 7*t**5/60 + 3*t**4 + 23*t**3/6 + 44*t**2 + 2*t - 3. Determine u(-10).
3
Suppose 1586 - 1566 = t. Let w(q) = -3*q + 36. Give w(t).
-24
Let l = -1616 - -1608. Let h(f) = -4*f - 9. Let k(q) = -3*q - 9. Let v(p) = -2*h(p) + 3*k(p). Calculate v(l).
-1
Let q(w) = 2*w**2 + 25*w + 24. Let o(x) = -3*x**2 - 37*x - 32. Let y(l) = -5*o(l) - 7*q(l). Give y(-11).
3
Suppose 2*z = -5*k - 34, 104*z + k = 108*z + 2. Let j(f) = 8*f**2 + 3*f + 3. What is j(z)?
29
Let r(t) = -6*t - 1. Let i be (-10)/2*(-7)/5. Let n(w) = -w + 8. Let s be n(i). Let u be s + 3 - (-1 - -4). What is r(u)?
-7
Let i = 5357 - 5351. Let k(p) = -p**2 + 8*p - 12. Determine k(i).
0
Let x(n) = -41*n**3 - 22*n**2 - 8*n + 27. Let y(a) = -34*a**3 - 22*a**2 - 7*a + 28. Let h(j) = 5*x(j) - 6*y(j). What is h(22)?
11
Let t(g) = 3576952 - 3576572 - g**2 + g + 47*g. Calculate t(-7).
-5
Suppose 5*y - 16 = -6. Let i(w) = -w**2 - w - 3*w**3 + 3*w**2 + 2 + y*w**3 - 7*w**2. Let z = -255 - -251. What is i(z)?
-10
Suppose -4*i - 5*h - 59 + 8 = 0, -4*i - 48 = 4*h. Let v = i + 3. Let m(y) be the second derivative of y**4/12 + y**3/2 - 7106*y. Determine m(v).
18
Let i(m) = -5*m**3 + m**2 + 144*m + 3. Let g(j) = 12*j**3 + 9*j**2 - 290*j - 5. Let x(v) = 2*g(v) + 5*i(v). Calculate x(28).
5
Let i(t) = 94*t + 90*t - 272*t + 93*t - 20. Calculate i(8).
20
Let h(k) = -k**3 + 6*k**2 - 5*k - 1. Suppose -28*n = 29*n + 513. Let w be 0/4 + -4 - n. Determine h(w).
-1
Let y be 7 + 65/(-3 + -10). Let x(p) = 11*p - 2. Calculate x(y).
20
Let f(o) = 489*o + 130 + 466*o - 1470*o + 383*o. What is f(1)?
-2
Let m(v) = -v**3 - v**2 - 1. Let r(p) = 2*p**3 - 2*p**2 - p - 5. Suppose 3*c = -8*t + 5*t + 3, 0 = 4*t. Let n(q) = c*r(q) + 3*m(q). Calculate n(-5).
-3
Let w(h) = -h**2 - 12*h - 24. Suppose -1442 + 3762 = 15*k - 305*k. Give w(k).
8
Let m(l) be the second derivative of -11*l**3/6 + 28*l. Let o(x) = -2*x + 1. Let p(z) = m(z) - 5*o(z). Let n(f) = f - 8. Let c be n(8). Calculate p(c).
-5
Let m = 23649 + -23655. Let r(n) = -n**2 - 5*n + 12. Calculate r(m).
6
Suppose 0 = -39*g + 1242 + 513. Let v(f) = -20*f - 15*f + g*f + 4 - 9*f. What is v(7)?
11
Suppose 38 = 2*d + 42. Let k be (-68)/(-8)*4/d. Let n = -19 - k. Let c(o) = -3*o - 3. Determine c(n).
3
Let d(f) = -15*f**3 - 14*f**2 - 7*f + 9. Let j(o) = -13*o**3 - 13*o**2 - 5*o + 7. Let p(b) = -6*d(b) + 7*j(b). Suppose 5 = -4*z + 3*z - x, 3 = x. Give p(z).
3
Let o(w) = w**2 - 13*w + 8. Let k = 596 - 582. Determine o(k).
22
Let a(f) = f**2 + 2*f - 3. Let l(i) = -i**2 - 12*i - 6. Let q be l(-11). Suppose -3*y = -q*h - 21, -h + y - 1 - 2 = 0. Let x be (-8)/h*69/46. Calculate a(x).
5
Suppose -29 = -3*r - 2*w + 31, 2*r = 3*w + 40. Suppose 9*c = 4*c - r. Let p(v) = -v**3 - 5*v**2 - 6*v - 6. Calculate p(c).
2
Let u(o) = -5 - 2727*o + 910*o + 906*o + 910*o - 2*o**2. Determine u(-2).
-11
Let s(p) = p + 2. Let y = 172 - 122. Let q = y - 45. Let k(i) = -i**2 + 9*i - 17. Let r be k(q). What is s(r)?
5
Let w(n) = -277*n + 550*n + 1 - 3 - 282*n - 6*n**2 + n**3 - 1. Let d(b) = b**2 - 3*b - 11. Let j be d(6). Give w(j).
-17
Suppose -5*p - 15 = -0*p. Let v(g) = -601537*g + 0*g**2 + 601534*g + g**2. What is v(p)?
18
Suppose 0 = -30*m + 32*m + 2, 7*a + 3*m = 6*a. Let y(w) = 2*w**2 - 2*w - 6. What is y(a)?
6
Let z(o) = -o. Let d(a) = a**3 - 6*a**2 + 13. Let h be d(6). Suppose 7*j = h*j - 18. Calculate z(j).
-3
Suppose 5*o = -5*k + 20, 3*k - 2*o = o. Let q(v) be the first derivative of 14 - 5*v - k + v**2 - v**2 + 2*v**2. Determine q(4).
11
Suppose 4*f - 262 = 2*d, f + 5*d - 2*d - 62 = 0. Let w(u) = -2*u + 3*u - f + 64. Calculate w(3).
2
Let z be -3 + (-4)/(2/1). Suppose -138 = 2*v - 172. Let b(p) = -v*p + 1 + 8*p + 2 + 10*p. Determine b(z).
-2
Let y(s) = -10*s - 45. Let i be 0 - 5 - -2 - ((-28)/(-7) - 4). What is y(i)?
-15
Let c be ((-9)/(-12))/(30/80). Let h(t) = t**3 + 5*t**2 + 4*t + 6. Let p be h(-4). Let f(w) = 3*w**2 - w**3 + 5*w**c + w**2 - 2*w**2 + 4 - p*w. Determine f(6).
4
Suppose p - 7 = -4*o, -p - 3*o = 2*p - 21. Let z(s) be the second derivative of -21 + 3*s**2 - 1/3*s**3 + s. Determine z(p).
-8
Suppose 30 - 144 = -3*k. Suppose k = -f + 45. Suppose f*m = -z + 2*m - 4, 0 = 2*z + 2*m - 8. Let r(h) = h + 5. Determine r(z).
11
Let i(h) = -4*h**2 + h + 1. Suppose 543*t - 117 = 540*t. Suppose -24 + 102 = t*b. Determine i(b).
-13
Let w be 42 - ((-5 - -10) + -3). Let q(i) = 6*i + 83 - w - 40. What is q(-2)?
-9
Let k(y) be the third derivative of 1/120*y**6 + 0*y + 0 + 0*y**4 - 133*y**2 - y**3 - 1/5*y**5. Calculate k(12).
-6
Let j(t) = -8*t + 0*t**2 + 8*t - t + 2*t - 3 + t**2. Let l = -472 + 468. What is j(l)?
9
Suppose -2*c = 5*p - 9, 5*c - 3*p - 32 = -25. Let h(s) = -6 + 2*s - c*s + 4*s - 5*s + 3. Determine h(-10).
7
Let x(k) = 2*k**2 + 5*k - 5. Let t(u) = 3*u**2 + 5*u - 4. Let m(p) = 3*t(p) - 4*x(p). Suppose -450*d + 866*d - 475*d + 236 = 0. Give m(d).
4
Let c(q) = -3*q**2 - 42*q - 2. Let o(h) = 10*h**2 + 117*h + 10. Let n(j) = -17*c(j) - 6*o(j). Calculate n(4).
-122
Let o be (46/3)/((-17)/(10557/18)). Let m = o - -523. Let s(c) = -c**2 - 7*c - 3. Calculate s(m).
3
Let h(b) be the third derivative of b**6/120 - b**5/60 + b**4/24 - 5*b**3/6 + 5*b**2 - 305. Suppose n - 4*n + 2*x = -5, n = 3*x - 3. Let l = n + -3. Give h(l).
-5
Let f(t) be the first derivative of t**2 - 30*t + 589. What is f(7)?
-16
Let h(j) = j**3 + 10*j**2 - 4. Let g be h(-10). Let x be 2 - (2 + (g - -1)). Let t(n) = 14*n + 24 + 4*n**2 - n**3 - 16*n - 21. Determine t(x).
6
Let t(a) = -a**2 - 7*a - 11. Let z = -287 - -287. Suppose 3*q = z, q + 20 = -4*f + 2*q. Give t(f).
-1
Let j(r) be the first derivative of -13*r**2 - 94*r - 1956. Determine j(-4).
10
Let t(i) = -i**2 - 5*i - 4. Suppose 2*g + 0*g = 0, -4*v - 8 = -5*g. Let n be (-4)/(-32)*14 + v/(-8). Suppose -p + o = 5, 0 = -2*p - 3*o - 8 - n. Give t(p).
-4
Let n(s) = s - 14. Let i(z) = z - 15. Let y(m) = -5*i(m) + 6*n(m). Let l = 69272 + -69265. Give y(l).
-2
Let v(p) = -p**3 + 8*p**2 + 8*p + 7. Let a(f) = f**2 + 9*f + 3. Let b be a(-6). Let s = -12 - b. Suppose -k - 30 = -s*u - 4*k, -k = -3*u + 26. Give v(u).
